e 15?
ba7
Convert 191 (base 11) to base 15.
eb
1434 (base 8) to base 15
381
718 (base 14) to base 10
1394
Convert -679 (base 15) to base 13.
-888
Convert 1bb (base 14) to base 9.
441
-2662 (base 9) to base 8
-3720
What is -167 (base 12) in base 10?
-223
What is -61c (base 13) in base 7?
-3013
1540 (base 7) to base 4
21220
Convert 481 (base 14) to base 8.
1601
What is -3215 (base 6) in base 5?
-10411
Convert 122400 (base 6) to base 4.
2223000
What is -4602 (base 13) in base 14?
-3804
11313 (base 5) to base 16
341
Convert -456 (base 10) to base 5.
-3311
Convert -97d (base 15) to base 12.
-12a7
What is -20012 (base 4) in base 15?
-248
What is -1000100011 (base 2) in base 12?
-397
What is -35077 (base 8) in base 15?
-4641
What is -56 (base 16) in base 13?
-68
What is 1195 (base 13) in base 16?
9b8
What is 3230 (base 5) in base 16?
1b8
Convert 11ad (base 14) to base 3.
11020120
What is -13c1 (base 15) in base 10?
-4231
Convert 100333 (base 6) to base 7.
32022
Convert -87 (base 16) to base 15.
-90
111133121 (base 4) to base 8
253731
What is -6f0 (base 16) in base 9?
-2383
Convert -5238 (base 13) to base 11.
-85a7
What is -62127 (base 9) in base 3?
-2002010221
What is -13210 (base 4) in base 9?
-587
39 (base 10) to base 2
100111
Convert 5053 (base 7) to base 3.
2101221
Convert 1a27 (base 11) to base 5.
40240
What is 35 (base 9) in base 15?
22
Convert 10440 (base 6) to base 8.
2670
Convert 10233223 (base 4) to base 11.
13669
212 (base 6) to base 10
80
What is -ac5 (base 13) in base 4?
-130323
e54 (base 15) to base 4
302131
-150501 (base 7) to base 5
-1412213
What is 7bd6 (base 15) in base 16?
66bd
Convert -435 (base 11) to base 10.
-522
201122 (base 3) to base 14
29c
What is -5044 (base 6) in base 10?
-1108
56636 (base 7) to base 4
3200300
What is -100111100100 (base 2) in base 16?
-9e4
What is -78c5 (base 16) in base 11?
-21257
Convert 319 (base 12) to base 14.
245
Convert -5412 (base 6) to base 15.
-572
595 (base 12) to base 3
1010212
What is -3301 (base 7) in base 5?
-14202
-234322 (base 5) to base 14
-3264
13439 (base 10) to base 2
11010001111111
What is 552 (base 7) in base 12?
1b6
Convert -295 (base 16) to base 9.
-814
Convert 42 (base 11) to base 15.
31
-90b (base 12) to base 10
-1307
-3806 (base 13) to base 15
-254e
What is d11 (base 14) in base 11?
1a20
-1783 (base 9) to base 15
-616
100322 (base 4) to base 2
10000111010
Convert -96b (base 12) to base 6.
-10215
103 (base 9) to base 8
124
-1120021 (base 3) to base 11
-948
Convert 1037 (base 8) to base 16.
21f
Convert 1212222200 (base 3) to base 13.
13bc3
Convert 1131002 (base 4) to base 5.
142304
What is 23152 (base 7) in base 5?
142132
Convert 112000201 (base 3) to base 12.
5b01
10134 (base 5) to base 6
3033
What is 1936 (base 15) in base 8?
12513
Convert -22440 (base 6) to base 12.
-1a20
What is -1777 (base 8) in base 12?
-713
What is -11001011000 (base 2) in base 8?
-3130
-102464 (base 7) to base 6
-214035
What is -8306 (base 15) in base 4?
-12300201
What is 100011000001000 (base 2) in base 4?
10120020
Convert -7651 (base 8) to base 2.
-111110101001
Convert 718 (base 9) to base 5.
4314
-d06d (base 16) to base 15
-10c22
What is -2657 (base 11) in base 3?
-11201210
What is b3 (base 15) in base 10?
168
Convert -3f (base 16) to base 5.
-223
What is -2038 (base 10) in base 9?
-2714
What is ec (base 15) in base 14?
11c
What is -b42 (base 14) in base 3?
-10001000
Convert 9f (base 16) to base 11.
135
-10212000 (base 3) to base 11
-2123
What is 308 (base 14) in base 15?
29b
Convert 122243 (base 5) to base 11.
3591
Convert 1020021 (base 4) to base 2.
1001000001001
1105 (base 7) to base 15
1b7
Convert a54 (base 15) to base 14.
bc5
-20002 (base 5) to base 4
-103210
123 (base 9) to base 16
66
Convert 11033 (base 6) to base 9.
2083
What is 52685 (base 9) in base 15?
a4bb
-464 (base 10) to base 2
-111010000
What is -20120 (base 3) in base 11?
-151
Convert -3524 (base 6) to base 14.
-444
What is -33043 (base 6) in base 10?
-4563
What is 40035 (base 8) in base 10?
16413
14b8 (base 13) to base 11
22aa
What is 1a2 (base 15) in base 12?
275
Convert -1240 (base 9) to base 11.
-773
Convert -675b (base 13) to base 6.
-150505
What is -200541 (base 6) in base 8?
-36615
-922 (base 16) to base 14
-bd0
Convert -64 (base 13) to base 16.
-52
What is 63 (base 12) in base 9?
83
-17e (base 15) to base 10
-344
1335 (base 7) to base 13
309
-164 (base 13) to base 16
-fb
20122233 (base 4) to base 5
2100404
-15735 (base 9) to base 11
-8133
What is 2cc (base 15) in base 2?
1010000010
What is -402a (base 11) in base 5?
-132411
Convert 4ab2 (base 14) to base 9.
18856
Convert 20563 (base 10) to base 9.
31177
Convert -401 (base 10) to base 5.
-3101
22312 (base 6) to base 9
4268
What is 230 (base 15) in base 3?
200100
Convert -61a2 (base 12) to base 7.
-43001
Convert 1a61 (base 13) to base 8.
7576
Convert 640 (base 11) to base 3.
1001112
Convert -1053 (base 7) to base 15.
-1a6
1430120 (base 5) to base 14
ad35
-28a (base 14) to base 5
-4024
What is -994 (base 13) in base 8?
-3152
-201221 (base 3) to base 11
-44a
656 (base 14) to base 11
a39
-345 (base 9) to base 12
-1b8
Convert 114203 (base 5) to base 12.
25a7
What is -4042 (base 6) in base 16?
-37a
-4b70 (base 16) to base 3
-222111021
-262 (base 14) to base 4
-13132
Convert -1144240 (base 5) to base 4.
-11110330
Convert 750 (base 8) to base 6.
2132
What is -1100111010 (base 2) in base 5?
-11301
Convert -145c (base 13) to base 5.
-43300
What is -2aa (base 11) in base 9?
-442
Convert -837 (base 12) to base 6.
-5311
Convert 360 (base 11) to base 7.
1152
Convert 111010010001111 (base 2) to base 15.
8c94
What is -220443 (base 6) in base 13?
-844b
What is 2100021 (base 3) in base 4?
122230
What is -1c4d (base 15) in base 7?
-23632
What is 1702 (base 16) in base 11?
4475
What is 264661 (base 7) in base 14?
141a1
What is -111 (base 5) in base 15?
-21
Convert 4665 (base 10) to base 6.
33333
284 (base 14) to base 5
4013
What is 1742 (base 8) in base 11?
824
Convert 10000100110 (base 2) to base 13.
639
-3130 (base 6) to base 10
-702
Convert 979 (base 10) to base 11.
810
-3688 (base 10) to base 9
-5047
264d (base 16) to base 12
5811
Convert -221202022 (base 3) to base 6.
-222525
What is -21445 (base 7) in base 8?
-12376
Convert -589 (base 16) to base 14.
-733
Convert -2003442 (base 5) to base 8.
-76003
Convert -211021110 (base 3) to base 10.
-16239
2445 (base 6) to base 5
4410
Convert -37c (base 15) to base 12.
-560
What is -2909 (base 14) in base 6?
-53341
What is 1a0 (base 11) in base 5?
1411
db6 (base 15) to base 6
22200
Convert -406 (base 15) to base 4.
-32022
Convert 5352 (base 6) to base 15.
565
Convert 12321 (base 5) to base 11.
7a4
What is -1a8 (base 12) in base 9?
-332
26a5 (base 14) to base 12
3b35
Convert -11221111 (base 3) to base 16.
-e14
76 (base 12) to base 7
156
What is 461 (base 7) in base 13?
155
What is 32123112 (base 4) in base 10?
59094
-1687 (base 10) to base 8
-3227
-371a (base 12) to base 16
-1846
130221 (base 4) to base 13
ab0
What is 33454 (base 7) in base 2?
10000100010011
-30202 (base 4) to base 3
-1002201
17768 (base 11) to base 7
132351
What is 14301 (base 6) in base 16?
8dd
Convert 101100010 (base 2) to base 11.
2a2
What is -100110001 (base 2) in base 4?
-10301
Convert 3078 (base 13) to base 8.
15042
-1b0c (base 16) to base 4
-1230030
13104 (base 8) to base 9
7733
Convert -23314 (base 6) to base 2.
-110100011110
What is -5115 (base 7) in base 8?
-3360
What is -123120 (base 4) in base 11?
-1353
Convert -5651 (base 8) to base 9.
-4076
What is -877 (base 14) in base 12?
-b75
Convert -3c23 (base 13) to base 2.
-10000111001000
343122 (base 5) to base 15
3992
-12110022 (base 3) to base 14
-1641
52151 (base 9) to base 8
103126
-2011 (base 6) to base 12
-307
666 (base 7) to base 11
291
-874 (base 12) to base 13
-745
Convert 4212 (base 5) to base 10.
557
What is 25504 (base 6) in base 12?
2294
What is -141653 (base 8) in base 14?
-1437d
Convert -14004 (base 10) to base 2.
-11011010110100
Convert -3514 (base 6) to base 5.
-11323
Convert -154424 (base 7) to base 3.
-1112200212
Convert -440 (base 7) to base 15.
-ee
Convert -7a9 (base 11) to base 12.
-686
What is 1407 (base 9) in base 7?
3043
What is 3123 (base 6) in base 7?
2016
What is -167 (base 10) in base 4?
-2213
Wha